 f(b) = b - 8. Let l(s) = 2*s - 12. Let u(z) = 7*f(z) - 5*l(z). Let t be u(-3). What is the highest common factor of t and 13?
13
Suppose -3*m + 4*o = 5*o - 5, 4*m + 2*o - 10 = 0. Suppose 3*y = -m + 63. Suppose -3*z + 14 = -z. What is the highest common factor of z and y?
7
Let z(j) = 7*j + 24. Let g(o) = 6*o + 23. Let b(d) = 5*g(d) - 4*z(d). Let p be b(-9). Calculate the greatest common factor of p and 11.
1
Let n(j) = -1 - 13*j**2 + 2*j**3 + 5*j**2 + 4*j - 5. Let o be n(5). Suppose -5*p + o = -p. What is the highest common factor of 2 and p?
2
Let p be (-4)/2 - (-21 + 1). Let u be -3 - ((1 - -2) + -12). Suppose 3*o - u*o + 594 = 0. Calculate the greatest common divisor of o and p.
18
Suppose v + 148 = 3*l + l, 3*l + 5*v = 88. Let y = -341 - -665. What is the highest common factor of l and y?
36
Let r = -87 + 147. Let c = 1 + 38. Suppose 69 = 5*z - 2*y, 4*z - 2*y = z + c. Calculate the highest common factor of r and z.
15
Suppose -l = 2*b - 15, 2*l - 5*b + 0*b - 39 = 0. Calculate the greatest common divisor of l and 187.
17
Let x be (-45)/(-4) - (-9)/(-36). Let w = 6 + x. What is the highest common factor of w and 17?
17
Let r(y) = -7*y**3 + y**2 + 3*y - 3. Let k be r(2). Let w = k - -113. Calculate the highest common divisor of 8 and w.
8
Let a(f) = -20*f**3 + f**2 - 1. Let j be a(-1). Let q be 3/(-1) + -5 + j. What is the greatest common divisor of 6 and q?
6
Let q be 2 + -3 + 14/2. Suppose -4*d = d + 30. Let i(t) = -t**3 - 6*t**2 - 2*t. Let o be i(d). Calculate the highest common divisor of q and o.
6
Let z be (-2 - -2) + 0 - -6. Let h(c) = 10*c**2 - 10 + c**3 - c**3 + z + c**3 + 11*c. Let m be h(-8). What is the greatest common factor of 12 and m?
12
Let v(z) = -z**2 + 8*z + 2. Let x be v(8). Suppose 2 = x*l - 38. Calculate the highest common factor of 4 and l.
4
Let y be -11*(-5 + 3 + -1). Calculate the highest common factor of 66 and y.
33
Let t(q) = 109*q**3 + q**2. Let i be (-3)/9 + 16/12. Let o be t(i). What is the highest common factor of 10 and o?
10
Suppose -2*b + 11 = 7. Let v = b - 1. Calculate the greatest common divisor of 11 and v.
1
Suppose -5*o = 4*r - 16, -4*r - 4 = 4*o - 16. Let c = -17 + 49. Calculate the greatest common divisor of o and c.
4
Let w(o) = 4*o**2 + 8*o - 5. Let y be w(6). Let v be (-501)/(-6) + (-9)/(-6). Suppose 0*j = -5*j + v. Calculate the highest common divisor of j and y.
17
Suppose 4*p = 343 - 79. Let o be (1 - -17)*(-6)/(-4). Suppose -6 = -2*k + 2*m, 4*k - m + 2*m - o = 0. Calculate the greatest common divisor of k and p.
6
Suppose 0 = -4*p + 97 - 1. Suppose h = 5*s - 1320, -4*s - 3*h - 488 + 1544 = 0. What is the highest common factor of s and p?
24
Let f = -90 - -135. What is the highest common divisor of 5 and f?
5
Let w be (-1)/(2 - 10/4). Let b(g) = g**w + 50 + 40 - 25 + g + g**3. Let o be b(0). Calculate the highest common divisor of o and 26.
13
Suppose -556 = -5*c - 2*g, 0 = 5*c - 2*g - 538 - 26. Suppose -c - 56 = -3*r. What is the highest common factor of r and 14?
14
Let s be 61/6 - (-7)/(-42). Calculate the greatest common factor of 50 and s.
10
Let z = 8 + -8. Let o(w) = -w**2 + 231. Let d be o(z). Let s be 1/(1 + -2)*-21. Calculate the highest common divisor of d and s.
21
Suppose -d - 18 = -27. What is the greatest common divisor of 3 and d?
3
Suppose -5*z = -b - 0*b + 17, 0 = 5*b + 5*z - 175. Calculate the highest common divisor of 352 and b.
32
Let i be (-9)/(18/(-8))*4. What is the greatest common divisor of i and 4?
4
Let d be ((-27)/12)/(3/12). Let a be (3/d)/(1/(-45)). What is the greatest common factor of 165 and a?
15
Let c = 1 + -2. Let y(u) = -2*u. Let q be y(c). Calculate the greatest common factor of 18 and q.
2
Let b be ((-236)/(-5))/((-8)/(-20)). Let z = b - 78. Calculate the highest common factor of 10 and z.
10
Suppose 4*g + 3*i - 223 = 0, -2*g + i = -51 - 58. What is the greatest common factor of g and 22?
11
Suppose -2*c = -2*q - 84, 142 = 3*c - 4*q + 18. What is the greatest common factor of c and 11?
11
Suppose 5*o - 68 - 52 = 0. Let u be 0 - o - (-2)/2. Let i = -13 - u. Calculate the greatest common factor of i and 50.
10
Suppose 5*q - q = 48. Suppose o + 26 = 4*r, 2*o - o + 3*r = -q. Let n = o - -32. Calculate the highest common divisor of 98 and n.
14
Let h be 87/(2 - 3/6). Let z be h - ((-2)/1 - -4). What is the highest common divisor of 8 and z?
8
Let h be (-28)/4 + 4 + 39. Calculate the highest common factor of 12 and h.
12
Let r = 0 - 2. Let p be (r + 3)/(2 - 1). Let j be p - 15/3*-1. Calculate the greatest common divisor of 4 and j.
2
Suppose 0 = -5*b - 21 + 66. What is the greatest common factor of 45 and b?
9
Suppose 0 = 5*x - 20, -10 = -3*r - 2*r + 5*x. Let o = r + 0. What is the greatest common divisor of o and 24?
6
Let x = -6 - -9. Suppose 2*u - x*b - 23 = -0*b, -5*b - 35 = -3*u. What is the greatest common factor of 40 and u?
10
Suppose 8*k = 77 - 5. What is the greatest common divisor of k and 81?
9
Let b(d) = d**3 + 9*d**2 + 12*d - 4. Let s be b(-7). Calculate the highest common factor of s and 30.
10
Suppose -4*s - a + 63 = 2*a, 0 = 2*s + 3*a - 39. Calculate the greatest common factor of 48 and s.
12
Suppose 15*d + 50 = 20*d. Let i be d/(-8)*160/(-8). Calculate the greatest common divisor of 125 and i.
25
Suppose 7 = 5*p + 4*s - 25, -p - 4*s = 0. Calculate the highest common divisor of p and 20.
4
Let y be 0/(-1) + 2/2. Let t be 22*y*-1*-1. Suppose -12*g + 16*g + 4 = -3*w, 4*w + 20 = 2*g. What is the greatest common divisor of t and g?
2
Suppose 8 = -s - 4*t, -3*t + 4 + 3 = 4*s. Calculate the greatest common divisor of 28 and s.
4
Suppose 17*y - 183 = -64. What is the highest common factor of y and 28?
7
Let u(x) = -x + 7. Let t be u(-6). Calculate the highest common divisor of t and 13.
13
Suppose 37*z = 45*z - 136. What is the highest common factor of 187 and z?
17
Let w be (-1)/(-2) - 351/(-18). Let z be (-110)/(-4*2/w). What is the highest common divisor of 25 and z?
25
Suppose -4*s - o + 367 = -0*s, -276 = -3*s - o. Calculate the greatest common divisor of s and 13.
13
Let h = -8 + 10. Suppose -3*q = 4*l - 0*q + 2, -h*l + 4*q - 12 = 0. Let y = 5 + l. Calculate the highest common divisor of 1 and y.
1
Suppose -5*d = -3*q - 49, 0*d + 2*d = 4*q + 28. Suppose -l - 4*l = 5*j - 75, 2*j - 65 = 5*l. What is the greatest common divisor of j and d?
4
Suppose 0 = -3*j - 15, -2*j + 3*j + 3 = -2*s. Let l be 8/12 - (-2)/6. What is the highest common factor of s and l?
1
Suppose -j = 3*j - 272. What is the highest common divisor of 34 and j?
34
Let a be (-2336)/(-10) - (-42)/105. What is the highest common factor of a and 18?
18
Let u be 106/9 + 18/81. Let o(z) = 2*z + 1. Let x be o(1). Let p be u/(-8)*(-4)/x. Calculate the greatest common divisor of 10 and p.
2
Suppose -2*t + 10 = 3*l, 4*l - 3*t = 2*l + 24. Suppose -2*p + 87 = -v, 0 = -4*v - v + 4*p - 447. Let i = -49 - v. What is the greatest common factor of i and l?
6
Let l = -36 - -62. What is the highest common factor of l and 13?
13
Let r be (-189)/(-2)*4/3. Let v(f) = f**2 - 7. Let y be v(5). What is the greatest common divisor of y and r?
18
Let b(o) = -o**3 - 20*o**2 + 13*o - 113. Let w be b(-21). Suppose 2*z + 4*a = 30, -2*z = 3*a - 46 + 18. Calculate the greatest common factor of z and w.
11
Suppose 12 = 3*z - 3*w, -2*w + 4 = 4*z - 3*w. Let s = 40 - 10. Suppose -t + s - 10 = z. What is the highest common factor of 60 and t?
20
Let q be -11 + 9 + 132 + 0. Calculate the greatest common divisor of q and 52.
26
Let r(w) = -2*w + 4. Let f(b) = b - 14. Let k be f(8). Let m be r(k). Calculate the greatest common factor of 4 and m.
4
Suppose l = 4 + 6. Let b be 2*2/(-1 + 3). Let g be (-2 + 3)/1*b. What is the highest common factor of l and g?
2
Let k be 6398/182 + (-2)/13. Calculate the highest common factor of k and 7.
7
Suppose 0 = -4*s + 5 + 7. Suppose s*l - 8 = l. Calculate the highest common factor of l and 2.
2
Let g be -2*(-2 + (-30)/4). Let d(y) = 4*y**2 - 8*y - 7. Let f be d(-5). Calculate the greatest common divisor of g and f.
19
Let o = 41 - -119. Let x be 0 + 17 + (-1)/1. What is the greatest common factor of o and x?
16
Let z(f) = -f + 10. Let b be z(-8). Suppose -r + b = -27. What is the highest common divisor of 18 and r?
9
Let b be 48/14 - (-18)/(-42). Calculate the highest common di